 2*i + 3 = -11. Let n be y/12 + (-196)/24. Is n/(-28) - (-1662)/14 a prime number?
False
Suppose 2*r = -a + 9, 0 = 4*r + r + 3*a - 23. Let k(w) = 8*w + 5. Is k(r) a prime number?
True
Let u be ((-1265)/15)/((-1)/3). Let h = u + -112. Is h a prime number?
False
Let p be 0 - (-1 - (-6)/(-3)). Suppose 3*x + 4*j - 70 = 0, -x = 4*x - p*j - 107. Is x a composite number?
True
Is (3 - 1)/(14/13769) prime?
False
Let i = 1388 + 831. Is i a composite number?
True
Suppose 5*y = n - 1 + 2, -2*y = -2*n + 6. Suppose -n*v - 19 = 5. Let x(t) = -8*t + 7. Is x(v) a prime number?
False
Let g = 12 + 7. Suppose 0 = -2*s + 125 - g. Is s composite?
False
Suppose 0 = -4*u - 2*v + 2, -4*v = -5*v + 1. Suppose 703 = 5*x + 5*k + 273, -4*x - 3*k + 349 = u. Is x a prime number?
False
Let t = -7 - -9. Let n(c) = -27*c**t + c**3 - 4*c - 5 + 33*c**2 - 3*c. Is n(-6) a prime number?
True
Let o be 6 + 4/(3 - 2). Is (-26442)/(-45) + (-6)/o a composite number?
False
Let w be (-195)/5*7/(-3). Suppose s = 2*s - w. Is s prime?
False
Let l(p) = p**2 + 9*p + 12. Let s = -4 + -4. Let i be l(s). Suppose 0 = -5*u - i*d + 407, 3*u = 2*d - 5*d + 246. Is u a composite number?
False
Let u = -1228 - -1851. Is u composite?
True
Is ((-12)/6)/((-8)/6628) a prime number?
True
Let a(k) = k**3 - 13*k**2 + 8*k - 15. Is a(13) prime?
True
Suppose 81*p + 11170 = 91*p. Is p a prime number?
True
Let z(u) = -30*u + 1. Suppose -x + 1 = -2*x. Is z(x) composite?
False
Let k(y) = -3*y**3 + 4*y + 3. Let t be k(-3). Let a = t + -21. Is a a prime number?
False
Suppose 414 = 3*q - 0*q + 3*y, -5*y = -q + 150. Suppose -m + 233 + q = 0. Is m a composite number?
False
Suppose 0*i + 2620 = 5*i. Suppose -4*z + 5*v = -536, -4*z + 0*v + i = -2*v. Is z prime?
False
Suppose 61 - 172 = 3*h. Let j = 10 - 10. Is j/((-4)/2) - h prime?
True
Let h(z) = 0*z**2 + 11 + 2*z - 6*z + 3*z**2 - 2*z**2. Is h(16) composite?
True
Let t(y) = -3*y**3 + 14*y**2 + 14*y + 14. Let p(g) = g**3 - 5*g**2 - 5*g - 5. Let x(j) = 11*p(j) + 4*t(j). Is x(-2) a composite number?
False
Let b = 158 + -79. Is b composite?
False
Is (1224/15 - 3) + 6/15 composite?
False
Let y be (-2)/(-2) - 9/(-3). Let p be (-2)/7 + (-492)/(-7). Suppose 9*x - y*x = p. Is x composite?
True
Suppose m + 3*y = -3*m + 2714, m - 5*y - 667 = 0. Is m prime?
True
Is (-2 - 20/(-4)) + 292 a prime number?
False
Let l = -15 - -18. Is (2*l)/((-14)/(-889)) composite?
True
Let y(l) = -l - 4. Let j be y(-7). Suppose j*k = 2*u - 82 - 26, u = 3*k + 51. Is u a composite number?
True
Suppose -q + 4 = -4*f - 4*q, 3*f - 2*q = -3. Is (f + 0)/((-2)/44) composite?
True
Let j(d) = -d - 6. Let m(z) = 3*z + 11. Let y(c) = -5*j(c) - 2*m(c). Let u be y(8). Suppose u*a = a - 37. Is a a prime number?
True
Let n be (248/12)/(2/6). Let p = n - -125. Is p composite?
True
Let b = -78 + -220. Is b/(-8)*(10 - 6) a prime number?
True
Let n be (-4)/(10/8 - 1). Is 95*(-1 - n/10) prime?
False
Let w = -747 - -1414. Let n be w/5 - 4/10. Suppose n + 132 = 5*z. Is z prime?
True
Suppose -4*k + 3*t + 4453 = 0, -2*k + 2254 = -2*t + 6*t. Is k composite?
False
Let d = 1 + 7. Suppose -5*m + 15 = y, -3*m - y = -d*m + 25. Let i = -1 + m. Is i composite?
False
Suppose -5*v - n - 15 = 0, 2 = -v - n - 5. Is 11/22*(-12)/v composite?
False
Suppose -2*t - 5*s = -17, -2*s + s = -3. Is (5 + -10)/(t/(-13)) prime?
False
Let m = 274 - 185. Is m a composite number?
False
Let h be (-2)/(-4) - (-73)/2. Suppose 0 = 2*s + p - h, -2*s + 22 = -2*p + 6*p. Is s a prime number?
False
Let f be (-132)/5 + 4/10. Suppose 2*n - 29 = 5*w + 59, 0 = -5*w - 4*n - 64. Let g = w - f. Is g a prime number?
False
Suppose -5*m - 3*r = -1933, 3*m = -2*m + r + 1949. Is m a prime number?
True
Suppose 0 = -j - 4*h + 2, 2 = -0*j + j - h. Let y be 1 - -1 - (-1 - j). Suppose 5*u = y*m + 120, -3*u = -8*u - 4*m + 75. Is u prime?
True
Let q(h) = 35*h**2 - 18*h - 23. Is q(-6) a prime number?
False
Suppose 241 = -6*p - 515. Let n = p + 245. Is n a composite number?
True
Suppose -14028 = -3*m - 0*m. Suppose m = -7*z + 11*z. Is z composite?
True
Suppose 2*s + 2*s - 20 = 0. Suppose 4*k + 52 = s*v + 6*k, 4*v = -5*k + 28. Suppose 3*x + 201 = 4*w - 95, 3*x = v. Is w a prime number?
False
Suppose 4*r = -4*d + 16164, 2*r - 4053 = -d - 2*r. Is d prime?
False
Suppose -194*r + 190*r + 23044 = 0. Is r composite?
True
Suppose 12 = -3*x, 3*n + x + 21 = -28. Let m be (-17)/(-5) - 9/n. Suppose -2*d + m*d - 44 = 0. Is d prime?
False
Suppose w + 2 = 3*w. Is (-108)/(-2) + w - 2 composite?
False
Let p = 36 - -99. Let u = p - 57. Suppose -2*n + 5*b = -91, -3*n + b + u + 26 = 0. Is n composite?
True
Suppose 0 = 2*b + o - 1080, -1564 - 1135 = -5*b - 3*o. Is b a prime number?
True
Let t = 1437 + -484. Is t a composite number?
False
Suppose 8*o = 3*o + 25, 3*o - 20 = 5*h. Let u(x) = 33*x**2. Is u(h) a prime number?
False
Let n be (3 - -2)*(-6)/(-15). Let w(q) = -4*q + 8. Let b(f) = f**2 + f - 1. Let d(k) = n*b(k) + w(k). Is d(5) a prime number?
False
Suppose x - 6 = -x. Suppose -4*p - 5*w + 893 = 236, 655 = 4*p + x*w. Is p a prime number?
True
Suppose -8*s + 3*s = -1905. Suppose 4*y - 7*y + s = 0. Is y composite?
False
Suppose -72 = 4*c + 5*y, -3 = 2*c + 4*y + 39. Let g = -8 - c. Suppose 2*j - 66 = -0*j - 4*a, 0 = g*a. Is j composite?
True
Let k(l) = 0*l**2 + 9 - l**2 - 9*l + 0*l**2. Suppose 3*o - o = -14. Is k(o) composite?
False
Suppose 2488 = 4*y + 2*m, -971 - 895 = -3*y + 4*m. Is y a prime number?
False
Let l = -3 - -7. Let v be 1*3 - (1 + 0). Suppose v*x = l*b + 46, b - 64 = -4*x + 2*b. Is x prime?
False
Suppose 80 = w - 0*w. Is w + 2 - (5 + -2) a composite number?
False
Let r(w) = 81*w**2 + 1. Is r(-1) composite?
True
Suppose 26 - 10 = 4*b, -4*s + 2*b - 16 = 0. Let k = s - -3. Is 38 + (0 - k) + 2 composite?
True
Is (3/(36/1857))/(1/4) prime?
True
Let f(w) = -w**2 - 4*w + 2. Let t be f(-4). Is 53*(-1 - (t + -4)) a composite number?
False
Let v(w) be the first derivative of 22*w**2 - 5*w + 4. Is v(3) a composite number?
False
Let k(j) = 2*j**2 - 3*j - 5. Let g = -8 - -4. Let q be k(g). Suppose 2*f = -4*l + 218, -f - q = -l + 17. Is l a prime number?
False
Suppose 4*s - 914 = -3*d, 2*d - 153 = 2*s + 433. Is d composite?
True
Suppose -318 + 12 = -6*l. Is l prime?
False
Let z be -2 - (44 + (-2)/(-2)). Let n be -2*z/2*-1. Let b = -24 - n. Is b a prime number?
True
Let b(v) = 5*v**2 - 7*v + 3. Is b(-8) a composite number?
False
Is -3 + 2 + -1 - -235 composite?
False
Let h(m) = m**3 + 5*m**2 - 4*m - 1. Let p be 5/(-25) - (-102)/10. Suppose -t = -3*t - p. Is h(t) a prime number?
True
Let i be (18/12)/((-6)/(-8)). Let g be i/(-4)*(-547 + 3). Is 2/(-4)*g/(-4) composite?
True
Suppose -n - 20 = -2*u, 3*u - 2*n - 29 = -0*n. Let c = 5 - 7. Is u*(1 - -2) + c composite?
False
Let s(p) = 4*p**2 + p + 155 + 2*p**2 - 5*p**2 - p**3. Is s(0) a composite number?
True
Suppose -2*p + 4*p = 30. Is 5/(p/1161) - -2 prime?
True
Suppose 5*c - 8 = -2*x, 0 = 4*c + x - 5 - 2. Let h(q) = q**3 + 4*q**c + q**2 + 6 + q + q. Is h(-4) prime?
False
Let q(k) = k**3 - k**2 - 3*k + 1. Let w be q(2). Suppose 0 = 9*y + 33 + 21. Is (w - -3) + (-1 - y) a prime number?
True
Let m(g) be the first derivative of 7*g**3/3 - 5*g**2/2 - g + 4. Is m(5) composite?
False
Let k(d) be the first derivative of -d**2/2 - 3*d - 1. Let j be k(7). Let w = j + 63. Is w a composite number?
False
Let w(z) = 26*z + 5. Let p be w(-4). Let u = -44 - p. Is u composite?
True
Let y(f) = f**2 - 6*f + 7. Is y(8) composite?
False
Suppose -56 = -4*k - 4*q, 3*q - 57 = -7*k + 3*k. Suppose -b + k = 4*b. Suppose 2*l - 84 = -3*r + 69, 0 = b*r - l - 162. Is r a prime number?
True
Is (486/(-4) - 4)*-10 a composite number?
True
Let i(n) = 2*n**3 - 7*n**2 + 12*n - 21. Is i(10) composite?
False
Let r(b) = 3 - 3*b - 4 + 2*b - 3. Let o be r(-10). Suppose 0 = -3*d + 5*q + 27, o*q = 5*d + q - 55. Is d a prime number?
False
Let q(j) = -4*j**3 - 9*j**2 - 8*j - 1. Is q(-6) prime?
True
Let x(v) = -v**3 - 6*v**2 - 4*v + 6. Let m be x(-5). Let o(i) = 55*i**2. Is o(m) composite?
True
Let c be 76 - (-1 - (-5 + 3)). Suppose 0 = 7*y - 2*y - c. Is y a composite number?
True
Let d = 8 - 8. Suppose -5*g + 122 - 12 = d. Is g a prime number?
False
Suppose -4*c - c + 25 = 0. Suppose -l - c*l = -1266. Is l composite?
False
Let m = 484 + -102. Is (4 + (-3 - 0))*m a prime number?
False
Let f be (0 + 1)